12 = -5*l - c. Give z(l).
3
Suppose -215*n + 69*n - 876 = 0. Let z(r) = 3*r - 3. Let f(d) = -5*d + 4. Let a(p) = -5*f(p) - 8*z(p). What is a(n)?
-2
Let v(q) = -59*q**2 + 258*q + 40. Let j(s) = 37*s**2 - 129*s - 20. Let f(d) = -5*j(d) - 3*v(d). Give f(-16).
-4
Suppose 5*u = -0*f + 3*f + 11, 15 = 5*f. Let a(y) be the first derivative of 2/3*y**3 + 2*y**2 - 24 + 5*y - 1/4*y**4. Determine a(u).
-11
Let v(b) be the first derivative of -b**6/30 + b**5/60 - b**4/12 + b**3/6 + 4*b**2 + b + 11. Let a(h) be the second derivative of v(h). Calculate a(1).
-4
Let n(q) = q**3 + q**2 + 4*q + 20. Let f be n(0). Suppose f = -4*p + 3*a + 57, 2*a - 10 = 0. Let h(o) = o**3 - 12*o**2 - 14*o - 10. What is h(p)?
-23
Let q(c) = 5*c - 2. Let t(a) = -6*a + 3. Suppose 2*i = -3*y + 19, -2*y + 1 = -i - 0. Let l(f) = y*t(f) + 4*q(f). Give l(7).
15
Let z(b) = 2*b + 11. Let c be (-5)/(-5) + 1 + (4 - 12). Calculate z(c).
-1
Let t(i) = -81*i - 41. Let a(s) = 58*s + 41. Let z(p) = -4*a(p) - 3*t(p). What is z(7)?
36
Let h(b) = 2*b**2 + 19*b + 19. Let d be h(-8). Let q(k) = -k**3 - 7*k**2 - 7*k - 7. What is q(d)?
-22
Let b(l) be the first derivative of -l**3/3 + 9*l**2/2 - 6*l - 543. Give b(7).
8
Let g(k) = k**3 - 4*k**2 - 8*k - 7. Let m be (-11 - (-249)/24)/((-10)/80). Give g(m).
-22
Let c(r) = r**3 + 21*r**2 - r + 7. Let k(w) = w**2 + 5. Let t(g) = c(g) - 4*k(g). Determine t(-17).
4
Let n(z) be the third derivative of 0*z**4 + 0 + 0*z - 10*z**2 + 0*z**3 - 1/120*z**6 - 1/15*z**5. Suppose 4*o = 2*x, -x - 2*o + 4 - 12 = 0. Determine n(x).
0
Let p(l) = l**3 - 2*l**2. Let r(t) = t + 3. Let s be r(-1). Let f be p(s). Suppose -3*q + 3 = -f*q. Let k(n) = 2*n**3 + n**2 - 1. Give k(q).
2
Suppose 3*y = -4*l - 104, -3*l - 2*y - 35 = 43. Suppose 0 = 35*k - 7*k + 532. Let n = l - k. Let x(f) = -f**3 - 8*f**2 - 6*f - 1. Give x(n).
-8
Let v(m) = 18*m**2 - 16*m**2 - 13 + 26 - 24*m. Let t(z) = z**2 - 12*z + 7. Let c(h) = -13*t(h) + 6*v(h). What is c(11)?
-2
Let z(s) = 5*s + 0 - 4 + 8*s - 15*s. Let x(n) = n**2 - 7*n - 23. Let t be x(11). Suppose 3*d = 4*g, 2*g = -4*d - 1 - t. What is z(d)?
4
Let o = -85 - -131. Suppose 3*p - 34 = -o. Let d(z) = -z + 2. Determine d(p).
6
Let w(l) be the second derivative of l**5/20 - l**4/12 - l**3/6 - 7*l**2/2 + 185*l. Let b be 4/(-26) + 2/13. Give w(b).
-7
Suppose 3*d + 1 = 4*d. Suppose -28*f + 21 = -35. Let q(g) = f*g**3 + 29 - g**3 + 2*g - 30. Give q(d).
2
Let g(f) be the second derivative of 0 - 1/3*f**3 + 134*f + 1/2*f**2. Suppose 0 = 5*u - 0*u - 3*b - 4, -4*u + 5*b + 11 = 0. Determine g(u).
3
Let p(o) = 19538 + 18*o + 2*o - 19499 + o**2. Determine p(-5).
-36
Let o be -3 + 10/2 + (-7 - -4). Let s be (-288)/180*5*o. Let j(i) = i**2 - 8*i - 7. Give j(s).
-7
Let d(h) = -h - 34. Let t(v) = 2*v + 4. Let w(a) = 3*d(a) - 3*t(a). Give w(-13).
3
Let c(j) = 2441*j**3 + j - 3*j + 4 + 8*j**2 - 4*j - 2437*j**3. What is c(-3)?
-14
Suppose 2*z + o + 29 - 1 = 0, 0 = 5*z - 5*o + 85. Let l(f) = -f**2 - 10*f + 76. Let a be l(z). Let i(k) = 2 + 2*k**2 + 2 - 2 - 1. Give i(a).
3
Let r be (4/22)/((-20)/(-3520)*-4). Let o(x) be the third derivative of -x**5/60 - x**4/3 - x**3/2 - x**2. Determine o(r).
-3
Suppose 16*x - 67 - 109 = 0. Suppose 0 = u + 4, x*c - 16*c - 15 = -5*u. Let j(r) = r**3 + 8*r**2 + 7*r + 5. Calculate j(c).
5
Let c(k) = -k**3 - 32*k**2 + 2*k + 63. Let p(s) = 19*s + 348. Let l be p(-20). Let q be c(l). Let x(v) = -v**2 + 1. Give x(q).
0
Let o(j) = j**3 - 2*j**2 - 3*j + 2. Suppose -29*y = -14*y - 90. Let f be 4 + (y - 9) + 2 + 1. Determine o(f).
22
Let h(c) = 69 - 24 - 19 - 18*c - 14*c + c**3 - 19 - 6*c**2. What is h(9)?
-38
Let t(v) = 278*v - 9455. Let q be t(34). Let j(i) = -i**2 - 15*i - 34. What is j(q)?
2
Let g(o) = 4*o - 6. Let w = -77 - 8. Let q = 115 + -194. Let x = q - w. Determine g(x).
18
Let l(y) = 1 + 6 - y - 3. Let f(q) = -q**2 + 13*q - 27. Let r be (0 - 6)*(-5)/3. Let x be f(r). Calculate l(x).
1
Let o(l) = 5*l + 1. Suppose 0*b - b = -n - 87, 2*b - 5*n = 186. Let m = -71 + b. Let w be (-18)/(-8) - m/(-16). What is o(w)?
16
Let g(b) = -5*b - 2*b**2 - 4*b**2 + b**3 + 0*b**2 - 2*b**3 - 6. Let v(y) = -y**2 + 12*y - 16. Let f be 10/20*(-1 + (-23)/(-1)). Let p be v(f). Give g(p).
-6
Let x(t) = -t**2 + 4*t + 6. Let r be 44/(-8) + 6 + (-4092)/(-8). Let s = r + -507. What is x(s)?
1
Let m(f) = 2*f**2. Let t be (-3 - (2 - 4))*(-8 + 6). Suppose 4*d = 2*w + 8, -2*w - t*d = -5*w. Calculate m(w).
8
Let k = 254 - 252. Let d(x) = -k*x - 30339 + 30338 - 2*x. What is d(3)?
-13
Let k(w) = 628214 - 49*w - 628020 + 17*w. Determine k(6).
2
Suppose 23*f - 60 = -14. Let k(u) = 9*u**3 - 5*u**3 + 7*u**2 - f*u**3 - u**3 + 9 - 5*u + 13*u. Determine k(-6).
-3
Let m(v) = v**2 - 81*v - 2276. Let f be m(103). Let u(w) be the first derivative of -w**2/2 - 4*w - 2. Calculate u(f).
6
Let y be (-30)/4*52/(-65). Suppose y*l = -5*l + 11. Let b(x) = 7*x - 1. Give b(l).
6
Let m(x) = 13*x**3 + x**2 - 1. Let d(g) = 9*g - 5. Let v be d(-3). Let f = -49 + 18. Let s = v - f. Give m(s).
-13
Suppose 5 = n, 21 = -z + 24*n - 21*n. Let w(y) = -13*y**2 - 17*y + 14. Let x(r) = 12*r**2 + 15*r - 12. Let c(h) = z*w(h) - 7*x(h). Determine c(-2).
-18
Let w(x) = 14*x - 20. Suppose -5 = q - 2*q - 4*k, 3*q - 3*k - 15 = 0. What is w(q)?
50
Let z = 144 + -133. Let a(o) = o**3 - 12*o**2 + 12*o - 7. What is a(z)?
4
Suppose -12 = 6*h - 0*h. Let c(w) = w**3 + 4*w**3 + 2*w**2 + 3*w - 2*w**3 - 3*w - 2*w - 3. Give c(h).
-15
Let m(z) be the first derivative of 3*z**2/2 + 27*z + 2269. Calculate m(-7).
6
Let d(t) be the third derivative of -262*t**2 + 0*t**4 + 1/20*t**5 + 1/3*t**3 + 0 - 1/120*t**6 + 0*t. Give d(3).
2
Let p(z) = 7*z + 228. Let y = -29924 + 29893. What is p(y)?
11
Let k(p) = 6*p + 140 + 339 - 474. Give k(-2).
-7
Suppose 0 = 4*q - 8, 5*q + 18 = -8*n + 4*n. Let z(x) = 5*x + 20*x - 24*x - 3*x - 2 - 3. Give z(n).
9
Let b(w) = 8 + 2*w - 4*w - 7 - 2 + 5*w. Suppose -2*s - o - 2*o + 8 = 0, 0 = 2*s - 4*o + 6. Calculate b(s).
2
Suppose -2*b + 20 = -2*n, 0*b = -n - 4*b + 15. Let u(h) be the first derivative of -h**4/4 - 7*h**3/3 - 7*h**2/2 - 6. Calculate u(n).
-15
Let f be 3*(-3 - 51/(-9)). Let g(r) = -13*r**2 - 2 - r**3 - 22*r**2 - 3 + 43*r**2. Calculate g(f).
-5
Let i(c) = -2*c**2 - 6*c - 34. Let x(d) = d**2 + 5*d + 20. Let t(y) = 2*i(y) + 3*x(y). What is t(-5)?
-48
Let a(r) = r**3 + 7*r**2 - r - 4. Let h(o) = -o**3 - 5*o**2 - o - 5. Let x be h(-5). Let k = -54 + x. Let t = k + 47. What is a(t)?
3
Let r(x) = 34*x - 45*x + 44*x - 13*x**2 + x**3 - 25. Determine r(10).
5
Let v(z) = 2*z - 5. Let d be v(5). Let i be 1*(1 + -6)*2/d. Let b(s) = s - 1. Let a(p) = -11*p + 8. Let l(w) = -a(w) - 6*b(w). Calculate l(i).
-12
Let n(q) be the second derivative of -q**4/12 - 5*q**3/6 - 2*q**2 - 7775*q. Let w = 5 - 10. Calculate n(w).
-4
Let s(h) = -3*h**2 - 13*h - 9. Let u(d) = d**2 + 47*d + 366. Let b be u(-10). What is s(b)?
-5
Let h(u) = -u + 4. Let c(v) = -2*v - 23. Let p be c(-14). Suppose -p*f - 3*o = -62, 0*o + 5*o - 60 = -4*f. Give h(f).
-6
Let c(s) = s**2 - 7*s + 5. Let z(n) = 0*n**2 - n**3 + 3*n**2 - 17 + 16 - n + 2*n**2. Let y be z(5). Let j(w) = w**3 + 5*w**2 - 7*w. Let p be j(y). What is c(p)?
-1
Let w(u) = 2*u**3 - 6*u**2 - 3*u + 10. Let c(z) = -z**3 + z**2 + 53*z - 18. Let a be c(-7). Calculate w(a).
1
Suppose -t + 5 + 1 = 0. Let l(u) = u + 4. Let c(p) = 0 - 5 + 6. Let k(v) = -6*c(v) + l(v). Give k(t).
4
Let w(l) = 0*l + 5 + 3*l - l**2 + 16*l + 15 - 12*l. Determine w(7).
20
Suppose 101*v - 105*v - 4 = -5*x, 0 = -4*x - 16. Let a(j) be the third derivative of -j**4/24 + 5*j**3/6 + 14*j**2. Determine a(v).
11
Let d(t) be the second derivative of -1 - 1/20*t**5 + 0*t**4 - 7/2*t**2 + 0*t**3 - 12*t. Calculate d(0).
-7
Let d(i) = 352 - 60*i - 4*i**2 + 64*i - 355. What is d(2)?
-11
Let l(a) = 5*a - 6. Let w(s) = -2*s. Let y(z) = l(z) + 3*w(z). Let u(r) = -2*r - 10. Let g(o) = -2*u(o) + 5*y(o). Give g(-9).
-1
Let x be -10 - (-1 + (2 - 1)). Let p(u) be the second derivative of -3/2*u**3 + 393*u + 0 + 3*u**2 - 1/12*u**4. Give p(x).
-4
Let v(n) = -n**2 - 4*n - 3. Let w be v(-5). Let k(y) be the second derivative of y**4/12 + 3*y**3/2 - 5*y**2/2 + 413*y + 11. Give k(w).
-13
Suppose -8 = -2*u - 5*y, -14*y - 34 = 3*u - 18*y. Let o be 8/(-6)*u/4. Let i(h) = -2 - 382*h**2 + 386*h**o + 2*h**3 - 3*h**3. Give i(4).
-2
Let s(w) = w